ns digit of f/16 + 18 + -1?
2
Suppose -11*o - 14 = -3. What is the hundreds digit of ((-171)/o - 4)/1?
1
Suppose -5*q + 715 = 185. What is the units digit of q?
6
Let g(x) be the second derivative of x**4/12 - 2*x**2 + x. Let q(m) = -m**2 - 4*m + 42. Let d be q(-9). What is the units digit of g(d)?
5
Let p(q) = -37*q - 6. Let v(s) = 73*s + 12. Let l(h) = 5*p(h) + 2*v(h). What is the units digit of l(-2)?
2
Suppose r - 5*q = -14, -5*r + 42 = -0*q + 3*q. Let u = 248 + -107. Suppose 0 = 3*a - r*a + u. What is the units digit of a?
7
Let a be (4/(-6))/(4/(-54)). Suppose o = -3*n + 4 + a, o - 9 = n. What is the units digit of 11/5 + (-2)/o?
2
Let q(u) = u**2 + 6*u - 4. Let p be q(-7). Suppose -p*l + 2*v = v - 6, 5*v + 14 = -l. What is the units digit of l?
1
Suppose -a + c + 32 = 0, -5*a - 2*c + 111 = -35. Let z = a + 95. What is the tens digit of z?
2
Let k = -554 + 864. What is the hundreds digit of k?
3
Suppose -f + 0*f = 0. Suppose 3*l + 0*l - 66 = f. What is the tens digit of l?
2
Let x(d) = d**2 + d - 195. Let z be x(0). Let l be z*((-6)/(-9))/(-2). Let s = -16 + l. What is the tens digit of s?
4
Let y(q) = -2*q**3 - 13*q**2 - 23*q - 25. What is the units digit of y(-10)?
5
Let d be -1 - 1/2*2. Let u(s) be the second derivative of -5*s**3/3 - s**2 - 15*s - 2. What is the tens digit of u(d)?
1
Let d(p) = -61*p + 15. Let u(y) = 30*y - 7. Let f(m) = 6*d(m) + 13*u(m). Let w be -1 - (-6)/8 - (-20)/16. What is the units digit of f(w)?
3
Suppose -152*h + 144*h + 480 = 0. What is the tens digit of h?
6
Let b be (-36)/(-90)*5/3*-3. Let d(f) = -131*f - 2. What is the tens digit of d(b)?
6
Let r be 2 + (-20)/14 - (-3478)/259. Let w(a) be the second derivative of a**3/3 + 7*a**2/2 - a. What is the tens digit of w(r)?
3
Let j = -162 - -298. Suppose 4*t + 4*x + j = 0, -t - x + 3*x = 31. Let d = t - -58. What is the tens digit of d?
2
Let l = -287 - -1003. What is the tens digit of l?
1
Suppose -35*u - 705 = -38*u. What is the hundreds digit of u?
2
Let n be (1/3)/((-4)/(-24)). Suppose 0 = m - n*m. Suppose 5*o + 0*o = l - 3, -3*l + o + 9 = m. What is the units digit of l?
3
Let d(s) = -613*s**3 - s**2 + s + 1. What is the units digit of d(-1)?
2
Let p(g) = g**3 + 8*g**2 + 16*g + 12. Let y be p(-6). What is the units digit of (y/36)/(1118/(-558) - -2)?
3
Suppose -4*h - 304 = -r, 4*r + 63 = 5*h + 1323. Suppose w - 3*w + r = 0. What is the tens digit of w?
6
Suppose 0*p + 61 = p. Let v = 120 + -85. Let h = p - v. What is the tens digit of h?
2
Suppose -3*l - 1 = -5*l + 3*v, 0 = -3*l - 4*v + 44. Suppose 18*j - 440 = l*j. What is the tens digit of j?
4
Let p(f) = f**3 + 15*f**2 + 11*f - 34. Let x be p(-14). Let d(m) = m**3 - 4*m**2 + 2*m - 9. What is the tens digit of d(x)?
6
Let o be ((-4)/3)/((-1)/120). Suppose 4*y = -5*f + 330 + 20, -o = -2*y + 5*f. What is the tens digit of y?
8
Let n = 2282 - 1549. What is the tens digit of n?
3
Suppose -3*x - 3*q = -21, -2*q = -5*q. What is the units digit of x/(14/(-6)) - -52?
9
Let g be 4/18 - -3*(-128)/(-216). What is the tens digit of 47 + 8 - (g + -1 - 4)?
5
Suppose -2 = -s + 2*f, f - 18 = -2*s + 6. Let z(h) = 7 + 0 - s*h + 2*h. What is the units digit of z(-5)?
7
Suppose 512 = 5*u - 4*v - 3022, 0 = 5*u + 4*v - 3526. Let o = u + -464. What is the hundreds digit of o?
2
Let u(w) = w**2 - 8*w - 20. Let p be u(-19). Suppose p - 7 = 6*a. What is the units digit of a?
1
Suppose 3515 = -14*d + 19*d. What is the hundreds digit of d?
7
Suppose 3*u = -y + 46, 4*y + 6*u - 139 = 3*u. Suppose y*r - 23*r - 1200 = 0. What is the hundreds digit of r?
1
Suppose -4*l = -181 + 165. Suppose -l*r + 4*s + 349 = -435, -4*r + 782 = -2*s. What is the tens digit of r?
9
What is the tens digit of (-84 + 86)/((-971)/(-969) + -1)?
6
What is the hundreds digit of -12*((-6985)/(-20))/(-11)?
3
Suppose 4*r = -5*h + 228, 0 = 4*r - h - 0*h - 204. Let g = r + -4. What is the tens digit of g?
4
Let f(y) = y**3 - 11*y**2 + 8*y - 24. What is the tens digit of f(12)?
1
Suppose 3*y - 8*y - 115 = 0. Let h = -17 - y. What is the units digit of h?
6
Suppose 3*h - 8 = 82. What is the units digit of 6/(-15) - (-1482)/h?
9
Let q(c) = 2*c**2 + 2*c - 7. Let d be q(-5). Let b = d + -55. What is the units digit of (20/7)/(b/(-77))?
0
What is the units digit of (-19)/228 - 12997/(-12)?
3
Suppose -5*q - 5*l = -4720, 2*q + 6*l - 1885 = l. What is the hundreds digit of q?
9
Let j(l) = 3*l**2 - 21*l - 22. Let u be j(17). Suppose 5*g - 147 - u = 0. What is the tens digit of g?
2
Let y(c) = c**3 + 9*c**2 + 8*c - 1. Let w be y(-8). What is the hundreds digit of (113/w)/(-1*(6 - 5))?
1
Let o(c) = 2*c + 11. Let g be o(6). What is the units digit of 4/(-1) + g + 0?
9
Let j(x) = -x**3 - 59*x**2 + 99*x + 16. What is the thousands digit of j(-61)?
1
Let y = 1561 + 1585. What is the units digit of y?
6
Let p(w) = 6*w**2 - 2*w - 2. Let m be p(2). Suppose m = 4*h - 2*h. Let u = h - 0. What is the units digit of u?
9
Suppose 5*o + 1 = -3*c + 10, -3*o = -5*c + 15. Suppose o = -5*f + 113 + 87. What is the units digit of f?
0
Let x(k) = 6*k - 1. Let q(s) be the second derivative of s**3/6 - s**2/2 + 5*s. Let v(c) = 2*q(c) - x(c). What is the tens digit of v(-7)?
2
Let d(c) = -9*c**2 - 17*c + 20. Let s(g) = -3*g**2 - 6*g + 7. Let z(l) = -6*d(l) + 17*s(l). Let t = -581 + 579. What is the units digit of z(t)?
1
Suppose 2*u = -4*t + 38, 0 = 4*u + 5*t - t - 68. Suppose 0 = -2*x + 4*x - 10. Suppose 0 = -x*c - 2*n + 67, u = c + 3*n - n. What is the units digit of c?
3
Let s = -1 + -3. What is the units digit of (s - 1)*7/(-1)?
5
Let z(w) = -w**2 - 12*w + 18. Let b be z(-13). Suppose 4*v = 5*y + 3*v - 473, -b*y + 485 = 5*v. What is the tens digit of y?
9
Let s = -58 - -63. Suppose 116 = d + 4*j, 382 = d + 2*d - s*j. What is the units digit of d?
4
Suppose -5*r + 2*k + 5 = -2*r, 5*r - 13 = k. Suppose -5*n + 394 = r*m, 0 = -2*n + 17 - 7. What is the tens digit of m?
2
Let f be (-274 + 0 + 3)/(-1). Suppose -5*l = f - 876. What is the hundreds digit of l?
1
Suppose 0 = -2*y + 5*d + 8072, 8*d = 3*y + 6*d - 12130. What is the hundreds digit of y?
0
Let z(g) = g**3 - 4*g**2 - 2. Let a be z(4). Let p be (-9)/a*(-12)/18. What is the units digit of p*(-5)/(0 + 1)?
5
Let i(g) be the first derivative of -3*g**2/2 - 10*g + 2. Suppose 5*p + 2*x + 23 = -0*p, -3*p - 13 = 2*x. What is the units digit of i(p)?
5
Let c = 1422 + -799. Suppose -1 - c = -6*v. What is the tens digit of v?
0
Suppose -4*o + 2 - 62 = 0. Let g = o - -257. What is the hundreds digit of g?
2
Let v = 0 + 4. Suppose 0 = -4*n + 4*u + 20, v*n - 15 = 4*u - 5*u. Suppose n*x - 92 = 2*x. What is the tens digit of x?
4
Suppose -320*h + 332*h = 10788. What is the hundreds digit of h?
8
Suppose -9*k + 14880 = 15*k. What is the units digit of k?
0
Let s(u) = u**3 - 3*u + 2. Let g be s(2). Let c(k) = k + 6. Let h(y) = -y - 7. Let w(q) = g*c(q) + 3*h(q). What is the tens digit of w(11)?
1
Suppose -534 = 17*b + 163. Suppose -9 = -2*x + 5*h + 34, -46 = -2*x + 4*h. Let g = x - b. What is the tens digit of g?
7
Let y be (5 + -4)/((-2)/4). Let w be 1560/(-110) + y/(-11). What is the tens digit of (w - -9)/(1/(-3))?
1
Let x(d) = -d**2 - 9*d + 1. Let g be x(-4). Let h = g - 25. What is the tens digit of 1/h - (-290)/8?
3
Let m = -1482 - -3375. What is the thousands digit of m?
1
Let r be 0*(2 + 25/(-10)). Suppose r = p + 5*z - 38, 4*p - 3*z = 3*p + 54. What is the tens digit of p?
4
Suppose -m - 11 = -4*t, 3*m = -6*t + 3*t - 3. Suppose -2*i + 232 = 4*h + t*i, 166 = 3*h - i. What is the tens digit of h?
5
Let s be (76/95)/((-1)/(-130)). Let g = s + 5. What is the hundreds digit of g?
1
Let w = 40 - 232. Let l = w + 358. What is the units digit of l?
6
Suppose -9*i = -25*i + 17952. What is the tens digit of i?
2
What is the thousands digit of (23/(-2) + 10)/((-6)/4160)?
1
Suppose 130*c - 124*c = 1530. What is the tens digit of c?
5
Suppose 0 = -3*x - 3*l + 1302, -2*l - 168 = -x + 272. What is the units digit of x?
6
Let n = 284 + -252. What is the tens digit of n?
3
Let u(c) = -c + 2. Let j be u(3). Let x(w) = -15*w - 2. What is the units digit of x(j)?
3
Suppose -17*z = -6*z - 14003. What is the units digit of z?
3
What is the thousands digit of (4/8)/(17/41854)?
1
Let o(b) = -b**3 + 9*b**2 - 6*b - 3. Let r(j) = j**3 - j**2 - 3*j - 1. Let q be r(3). What is